{"id":4005,"date":"2021-06-25T14:38:30","date_gmt":"2021-06-25T17:38:30","guid":{"rendered":"http:\/\/scbombas.com\/web\/?post_type=product&#038;p=4005"},"modified":"2022-02-14T12:07:37","modified_gmt":"2022-02-14T15:07:37","slug":"bomba-centrifuga-zeta-5-220v-25hp","status":"publish","type":"product","link":"http:\/\/scbombas.com\/web\/producto\/bomba-centrifuga-zeta-5-220v-25hp\/","title":{"rendered":"Bomba Centrifuga ZETA 5 220V 2,5HP"},"content":{"rendered":"<p>C\u00f3digo de Producto: CZW233010995<\/p>\n<p>&#x2705;APLICACIONES:<\/p>\n<p>&#x27a1;&#xfe0f; Esta l\u00ednea de bombas puede ser apta para su aplicaci\u00f3n en sistemas de riego, presurizaci\u00f3n del hogar, elevaci\u00f3n de agua a tanque, y muchas aplicaciones m\u00e1s<\/p>\n<p>&nbsp;<\/p>\n<p>&#x2705;CARACTERISTICAS:<\/p>\n<p>&#x27a1;&#xfe0f;Extremadamente confiables, simples de usar, silenciosa y libres de mantenimiento<\/p>\n<p>&#x27a1;&#xfe0f;Aplicaci\u00f3n en instalaciones dom\u00e9sticas, civiles, distribuci\u00f3n de agua en tanques elevados, presurizaci\u00f3n de instalaciones, suministro para agua de riego.<\/p>\n<p>&#x27a1;&#xfe0f;Cuerpo de fundici\u00f3n de hierro gris<\/p>\n<p>&#x27a1;&#xfe0f;Impulsores de Noryl o bronce<\/p>\n<p>&#x27a1;&#xfe0f;Motor cerrado monof\u00e1sico IP44 o trif\u00e1sico IP54<\/p>\n<p>&#x27a1;&#xfe0f;Sello mec\u00e1nico de cer\u00e1mica y grafito<\/p>\n<p>&#x27a1;&#xfe0f;Eje de acero inoxidable<\/p>\n<p>&#x27a1;&#xfe0f;Protector t\u00e9rmico incorporado, llave bipolar y cable con ficha (hasta versiones de 1HP)<\/p>\n<p><a href=\"http:\/\/scbombas.com\/web\/wp-content\/uploads\/2021\/06\/LINEA-ZETA-Centrifugas.pdf\">LINEA ZETA Centrifugas<\/a><\/p>\n","protected":false},"excerpt":{"rendered":"<p>C\u00f3digo de Producto: CZW233010995<\/p>\n<h3>CONSULTE DISPONIBILIDAD Y PRECIO HACIENDO CLICK\u00a0 &#x1f449;&#x1f3fd;<a href=\"https:\/\/wa.me\/5493413465880\/?text=Hola%20quisiera%20saber%20disponibilidad%20y%20precio%20del%20siguiente%20producto:%20CZW233010995%20Bomba%20Agua%20Centrifuga%20ZETA%205%20220V%202,5HP\">AQUI<\/a><\/h3>\n<p>&#x2705;APLICACIONES:<\/p>\n<p>&#x27a1;&#xfe0f; Esta l\u00ednea de bombas puede ser apta para su aplicaci\u00f3n en sistemas de riego, presurizaci\u00f3n del hogar, elevaci\u00f3n de agua a tanque, y muchas aplicaciones m\u00e1s<\/p>\n","protected":false},"featured_media":4184,"template":"","meta":[],"product_brand":[],"product_cat":[45,48],"product_tag":[],"class_list":{"0":"post-4005","1":"product","2":"type-product","3":"status-publish","4":"has-post-thumbnail","6":"product_cat-bombas","7":"product_cat-centrifuga","10":"instock","11":"shipping-taxable","12":"product-type-simple"},"_links":{"self":[{"href":"http:\/\/scbombas.com\/web\/wp-json\/wp\/v2\/product\/4005","targetHints":{"allow":["GET"]}}],"collection":[{"href":"http:\/\/scbombas.com\/web\/wp-json\/wp\/v2\/product"}],"about":[{"href":"http:\/\/scbombas.com\/web\/wp-json\/wp\/v2\/types\/product"}],"wp:featuredmedia":[{"embeddable":true,"href":"http:\/\/scbombas.com\/web\/wp-json\/wp\/v2\/media\/4184"}],"wp:attachment":[{"href":"http:\/\/scbombas.com\/web\/wp-json\/wp\/v2\/media?parent=4005"}],"wp:term":[{"taxonomy":"product_brand","embeddable":true,"href":"http:\/\/scbombas.com\/web\/wp-json\/wp\/v2\/product_brand?post=4005"},{"taxonomy":"product_cat","embeddable":true,"href":"http:\/\/scbombas.com\/web\/wp-json\/wp\/v2\/product_cat?post=4005"},{"taxonomy":"product_tag","embeddable":true,"href":"http:\/\/scbombas.com\/web\/wp-json\/wp\/v2\/product_tag?post=4005"}],"curies":[{"name":"wp","href":"https:\/\/api.w.org\/{rel}","templated":true}]}}